{"id":20381,"date":"2023-08-25T11:35:39","date_gmt":"2023-08-25T09:35:39","guid":{"rendered":"https:\/\/aikido-stnom.fr\/?page_id=20381"},"modified":"2026-01-12T10:27:04","modified_gmt":"2026-01-12T09:27:04","slug":"evenements","status":"publish","type":"page","link":"https:\/\/aikido-stnom.fr\/index.php\/evenements\/","title":{"rendered":"\u00c9v\u00e8nements"},"content":{"rendered":"<p><strong>Dimanche 9 novembre 2025 au p\u00f4le sportif Teddy Riner de 10h \u00e0 13h\u00a0 <\/strong><\/p>\n<p><strong>Stage co-anim\u00e9 par Fran\u00e7ois Pichereau 5 \u00e8me Dan et Cosmo Coquin 4\u00e8me Dan<\/strong><\/p>\n<p><img loading=\"lazy\" decoding=\"async\" class=\"size-medium wp-image-57572 aligncenter\" src=\"https:\/\/aikido-stnom.fr\/wp-content\/uploads\/2026\/01\/Pichereau-Coquin-9-nov2025-300x225.jpg\" alt=\"\" width=\"300\" height=\"225\" srcset=\"https:\/\/aikido-stnom.fr\/wp-content\/uploads\/2026\/01\/Pichereau-Coquin-9-nov2025-300x225.jpg 300w, https:\/\/aikido-stnom.fr\/wp-content\/uploads\/2026\/01\/Pichereau-Coquin-9-nov2025-1024x768.jpg 1024w, https:\/\/aikido-stnom.fr\/wp-content\/uploads\/2026\/01\/Pichereau-Coquin-9-nov2025-768x576.jpg 768w, https:\/\/aikido-stnom.fr\/wp-content\/uploads\/2026\/01\/Pichereau-Coquin-9-nov2025-1536x1152.jpg 1536w, https:\/\/aikido-stnom.fr\/wp-content\/uploads\/2026\/01\/Pichereau-Coquin-9-nov2025-2048x1536.jpg 2048w, https:\/\/aikido-stnom.fr\/wp-content\/uploads\/2026\/01\/Pichereau-Coquin-9-nov2025-1200x900.jpg 1200w\" sizes=\"auto, (max-width: 300px) 85vw, 300px\" \/><\/p>\n<p><strong>Samedi 24 mai 2025 de 9h00 \u00e0 12h00\u00a0<\/strong><\/p>\n<p><strong>Stage Hauts Grad\u00e9s Yvelinois co-anim\u00e9 par Claude Bourion (7\u00e8me dan), Dominique Dalet (6\u00e8me dan), Herv\u00e9 Lebret-Maufret (6\u00e8me dan), Andr\u00e9 Menier (6\u00e8me dan) et G\u00e9raldo Carvalho (6\u00e8me dan)<\/strong><\/p>\n<p>Lieu : 78210 Saint-Cyr-l&rsquo;Ecole.<\/p>\n<p><img loading=\"lazy\" decoding=\"async\" class=\"size-medium wp-image-26937 aligncenter\" src=\"https:\/\/aikido-stnom.fr\/wp-content\/uploads\/2025\/05\/Codep78_StageHautGrades_24mai2025-217x300.jpg\" alt=\"\" width=\"217\" height=\"300\" \/><\/p>\n<p>Belle rencontre avec Ludovic Cauderan (6\u00e8me dan) le samedi 29 mars 2025 \u00e0 Saint Nom la Bret\u00e8che!<\/p>\n<p><img loading=\"lazy\" decoding=\"async\" class=\"size-medium wp-image-26933 alignleft\" src=\"https:\/\/aikido-stnom.fr\/wp-content\/uploads\/2025\/05\/Cauderan_Codep78_29mars-2025-300x225.jpg\" alt=\"\" width=\"300\" height=\"225\" srcset=\"https:\/\/aikido-stnom.fr\/wp-content\/uploads\/2025\/05\/Cauderan_Codep78_29mars-2025-300x225.jpg 300w, https:\/\/aikido-stnom.fr\/wp-content\/uploads\/2025\/05\/Cauderan_Codep78_29mars-2025-1024x768.jpg 1024w, https:\/\/aikido-stnom.fr\/wp-content\/uploads\/2025\/05\/Cauderan_Codep78_29mars-2025-768x576.jpg 768w, https:\/\/aikido-stnom.fr\/wp-content\/uploads\/2025\/05\/Cauderan_Codep78_29mars-2025-1536x1152.jpg 1536w, https:\/\/aikido-stnom.fr\/wp-content\/uploads\/2025\/05\/Cauderan_Codep78_29mars-2025-1200x900.jpg 1200w, https:\/\/aikido-stnom.fr\/wp-content\/uploads\/2025\/05\/Cauderan_Codep78_29mars-2025.jpg 1600w\" sizes=\"auto, (max-width: 300px) 85vw, 300px\" \/><\/p>\n<p>&nbsp;<\/p>\n<p>&nbsp;<\/p>\n<p>&nbsp;<\/p>\n<p>&nbsp;<\/p>\n<p>&nbsp;<\/p>\n<p>&nbsp;<\/p>\n<p>Samedi 5 et dimanche 6 octobre 2024, <strong>Patrick B\u00e9n\u00e9zi Shihan, 7\u00e8me Dan<\/strong> sera pr\u00e9sent \u00e0 Saint-Nom la Bret\u00e8che pour un stage exceptionnel \u00e0 ne pas manquer!<\/p>\n<p><img loading=\"lazy\" decoding=\"async\" class=\"size-medium wp-image-26917 aligncenter\" src=\"https:\/\/aikido-stnom.fr\/wp-content\/uploads\/2024\/09\/stage-PB-Saint-Nom-5-6-10-2024-212x300.jpg\" alt=\"\" width=\"212\" height=\"300\" \/><\/p>\n<p>Dimanche 28 avril 2024, El\u00e9onore Lemaire 5\u00e8me Dan sera pr\u00e9sente \u00e0 Saint-Nom la Bret\u00e8che pour un stage exceptionnel \u00e0 ne pas manquer!<\/p>\n<p><img loading=\"lazy\" decoding=\"async\" class=\"size-medium wp-image-20418 alignleft\" src=\"https:\/\/aikido-stnom.fr\/wp-content\/uploads\/2024\/04\/2024-04-28_AfficheCodep78-Eleonore-Nathalie-232x300.jpg\" alt=\"\" width=\"232\" height=\"300\" srcset=\"https:\/\/aikido-stnom.fr\/wp-content\/uploads\/2024\/04\/2024-04-28_AfficheCodep78-Eleonore-Nathalie-232x300.jpg 232w, https:\/\/aikido-stnom.fr\/wp-content\/uploads\/2024\/04\/2024-04-28_AfficheCodep78-Eleonore-Nathalie-791x1024.jpg 791w, https:\/\/aikido-stnom.fr\/wp-content\/uploads\/2024\/04\/2024-04-28_AfficheCodep78-Eleonore-Nathalie-768x994.jpg 768w, https:\/\/aikido-stnom.fr\/wp-content\/uploads\/2024\/04\/2024-04-28_AfficheCodep78-Eleonore-Nathalie-1187x1536.jpg 1187w, https:\/\/aikido-stnom.fr\/wp-content\/uploads\/2024\/04\/2024-04-28_AfficheCodep78-Eleonore-Nathalie-1583x2048.jpg 1583w, https:\/\/aikido-stnom.fr\/wp-content\/uploads\/2024\/04\/2024-04-28_AfficheCodep78-Eleonore-Nathalie-1200x1553.jpg 1200w, https:\/\/aikido-stnom.fr\/wp-content\/uploads\/2024\/04\/2024-04-28_AfficheCodep78-Eleonore-Nathalie-scaled.jpg 1978w\" sizes=\"auto, (max-width: 232px) 85vw, 232px\" \/><\/p>\n<p>&nbsp;<\/p>\n<p>&nbsp;<\/p>\n<p>&nbsp;<\/p>\n<p>&nbsp;<\/p>\n<p>&nbsp;<\/p>\n<p>&nbsp;<\/p>\n<p>&nbsp;<\/p>\n","protected":false},"excerpt":{"rendered":"<p>Dimanche 9 novembre 2025 au p\u00f4le sportif Teddy Riner de 10h \u00e0 13h\u00a0 Stage co-anim\u00e9 par Fran\u00e7ois Pichereau 5 \u00e8me Dan et Cosmo Coquin 4\u00e8me Dan Samedi 24 mai 2025 de 9h00 \u00e0 12h00\u00a0 Stage Hauts Grad\u00e9s Yvelinois co-anim\u00e9 par Claude Bourion (7\u00e8me dan), Dominique Dalet (6\u00e8me dan), Herv\u00e9 Lebret-Maufret (6\u00e8me dan), Andr\u00e9 Menier (6\u00e8me &hellip; <a href=\"https:\/\/aikido-stnom.fr\/index.php\/evenements\/\" class=\"more-link\">Continuer la lecture<span class=\"screen-reader-text\"> de &laquo;&nbsp;\u00c9v\u00e8nements&nbsp;&raquo;<\/span><\/a><\/p>\n","protected":false},"author":2,"featured_media":0,"parent":0,"menu_order":0,"comment_status":"closed","ping_status":"closed","template":"","meta":{"footnotes":""},"class_list":["post-20381","page","type-page","status-publish","hentry"],"yoast_head":"<!-- This site is optimized with the Yoast SEO plugin v24.5 - https:\/\/yoast.com\/wordpress\/plugins\/seo\/ -->\n<title>\u00c9v\u00e8nements - Club d&#039;A\u00efkido de Saint Nom la Bret\u00eache<\/title>\n<meta name=\"robots\" content=\"index, follow, max-snippet:-1, max-image-preview:large, max-video-preview:-1\" \/>\n<link rel=\"canonical\" href=\"https:\/\/aikido-stnom.fr\/index.php\/evenements\/\" \/>\n<meta property=\"og:locale\" content=\"fr_FR\" \/>\n<meta property=\"og:type\" content=\"article\" \/>\n<meta property=\"og:title\" content=\"\u00c9v\u00e8nements - Club d&#039;A\u00efkido de Saint Nom la Bret\u00eache\" \/>\n<meta property=\"og:description\" content=\"Dimanche 9 novembre 2025 au p\u00f4le sportif Teddy Riner de 10h \u00e0 13h\u00a0 Stage co-anim\u00e9 par Fran\u00e7ois Pichereau 5 \u00e8me Dan et Cosmo Coquin 4\u00e8me Dan Samedi 24 mai 2025 de 9h00 \u00e0 12h00\u00a0 Stage Hauts Grad\u00e9s Yvelinois co-anim\u00e9 par Claude Bourion (7\u00e8me dan), Dominique Dalet (6\u00e8me dan), Herv\u00e9 Lebret-Maufret (6\u00e8me dan), Andr\u00e9 Menier (6\u00e8me &hellip; Continuer la lecture de &laquo;&nbsp;\u00c9v\u00e8nements&nbsp;&raquo;\" \/>\n<meta property=\"og:url\" content=\"https:\/\/aikido-stnom.fr\/index.php\/evenements\/\" \/>\n<meta property=\"og:site_name\" content=\"Club d&#039;A\u00efkido de Saint Nom la Bret\u00eache\" \/>\n<meta property=\"article:modified_time\" content=\"2026-01-12T09:27:04+00:00\" \/>\n<meta property=\"og:image\" content=\"https:\/\/aikido-stnom.fr\/wp-content\/uploads\/2026\/01\/Pichereau-Coquin-9-nov2025-scaled.jpg\" \/>\n\t<meta property=\"og:image:width\" content=\"2560\" \/>\n\t<meta property=\"og:image:height\" content=\"1920\" \/>\n\t<meta property=\"og:image:type\" content=\"image\/jpeg\" \/>\n<meta name=\"twitter:card\" content=\"summary_large_image\" \/>\n<meta name=\"twitter:label1\" content=\"Dur\u00e9e de lecture estim\u00e9e\" \/>\n\t<meta name=\"twitter:data1\" content=\"2 minutes\" \/>\n<script type=\"application\/ld+json\" class=\"yoast-schema-graph\">{\"@context\":\"https:\/\/schema.org\",\"@graph\":[{\"@type\":\"WebPage\",\"@id\":\"https:\/\/aikido-stnom.fr\/index.php\/evenements\/\",\"url\":\"https:\/\/aikido-stnom.fr\/index.php\/evenements\/\",\"name\":\"\u00c9v\u00e8nements - Club d&#039;A\u00efkido de Saint Nom la Bret\u00eache\",\"isPartOf\":{\"@id\":\"https:\/\/aikido-stnom.fr\/#website\"},\"primaryImageOfPage\":{\"@id\":\"https:\/\/aikido-stnom.fr\/index.php\/evenements\/#primaryimage\"},\"image\":{\"@id\":\"https:\/\/aikido-stnom.fr\/index.php\/evenements\/#primaryimage\"},\"thumbnailUrl\":\"https:\/\/aikido-stnom.fr\/wp-content\/uploads\/2026\/01\/Pichereau-Coquin-9-nov2025-300x225.jpg\",\"datePublished\":\"2023-08-25T09:35:39+00:00\",\"dateModified\":\"2026-01-12T09:27:04+00:00\",\"inLanguage\":\"fr-FR\",\"potentialAction\":[{\"@type\":\"ReadAction\",\"target\":[\"https:\/\/aikido-stnom.fr\/index.php\/evenements\/\"]}]},{\"@type\":\"ImageObject\",\"inLanguage\":\"fr-FR\",\"@id\":\"https:\/\/aikido-stnom.fr\/index.php\/evenements\/#primaryimage\",\"url\":\"https:\/\/aikido-stnom.fr\/wp-content\/uploads\/2026\/01\/Pichereau-Coquin-9-nov2025-scaled.jpg\",\"contentUrl\":\"https:\/\/aikido-stnom.fr\/wp-content\/uploads\/2026\/01\/Pichereau-Coquin-9-nov2025-scaled.jpg\",\"width\":2560,\"height\":1920},{\"@type\":\"WebSite\",\"@id\":\"https:\/\/aikido-stnom.fr\/#website\",\"url\":\"https:\/\/aikido-stnom.fr\/\",\"name\":\"Club d&#039;A\u00efkido de Saint Nom la Bret\u00eache\",\"description\":\"A\u00efkido USSNB 78\",\"potentialAction\":[{\"@type\":\"SearchAction\",\"target\":{\"@type\":\"EntryPoint\",\"urlTemplate\":\"https:\/\/aikido-stnom.fr\/?s={search_term_string}\"},\"query-input\":{\"@type\":\"PropertyValueSpecification\",\"valueRequired\":true,\"valueName\":\"search_term_string\"}}],\"inLanguage\":\"fr-FR\"}]}<\/script>\n<!-- \/ Yoast SEO plugin. -->","yoast_head_json":{"title":"\u00c9v\u00e8nements - Club d&#039;A\u00efkido de Saint Nom la Bret\u00eache","robots":{"index":"index","follow":"follow","max-snippet":"max-snippet:-1","max-image-preview":"max-image-preview:large","max-video-preview":"max-video-preview:-1"},"canonical":"https:\/\/aikido-stnom.fr\/index.php\/evenements\/","og_locale":"fr_FR","og_type":"article","og_title":"\u00c9v\u00e8nements - Club d&#039;A\u00efkido de Saint Nom la Bret\u00eache","og_description":"Dimanche 9 novembre 2025 au p\u00f4le sportif Teddy Riner de 10h \u00e0 13h\u00a0 Stage co-anim\u00e9 par Fran\u00e7ois Pichereau 5 \u00e8me Dan et Cosmo Coquin 4\u00e8me Dan Samedi 24 mai 2025 de 9h00 \u00e0 12h00\u00a0 Stage Hauts Grad\u00e9s Yvelinois co-anim\u00e9 par Claude Bourion (7\u00e8me dan), Dominique Dalet (6\u00e8me dan), Herv\u00e9 Lebret-Maufret (6\u00e8me dan), Andr\u00e9 Menier (6\u00e8me &hellip; Continuer la lecture de &laquo;&nbsp;\u00c9v\u00e8nements&nbsp;&raquo;","og_url":"https:\/\/aikido-stnom.fr\/index.php\/evenements\/","og_site_name":"Club d&#039;A\u00efkido de Saint Nom la Bret\u00eache","article_modified_time":"2026-01-12T09:27:04+00:00","og_image":[{"width":2560,"height":1920,"url":"https:\/\/aikido-stnom.fr\/wp-content\/uploads\/2026\/01\/Pichereau-Coquin-9-nov2025-scaled.jpg","type":"image\/jpeg"}],"twitter_card":"summary_large_image","twitter_misc":{"Dur\u00e9e de lecture estim\u00e9e":"2 minutes"},"schema":{"@context":"https:\/\/schema.org","@graph":[{"@type":"WebPage","@id":"https:\/\/aikido-stnom.fr\/index.php\/evenements\/","url":"https:\/\/aikido-stnom.fr\/index.php\/evenements\/","name":"\u00c9v\u00e8nements - Club d&#039;A\u00efkido de Saint Nom la Bret\u00eache","isPartOf":{"@id":"https:\/\/aikido-stnom.fr\/#website"},"primaryImageOfPage":{"@id":"https:\/\/aikido-stnom.fr\/index.php\/evenements\/#primaryimage"},"image":{"@id":"https:\/\/aikido-stnom.fr\/index.php\/evenements\/#primaryimage"},"thumbnailUrl":"https:\/\/aikido-stnom.fr\/wp-content\/uploads\/2026\/01\/Pichereau-Coquin-9-nov2025-300x225.jpg","datePublished":"2023-08-25T09:35:39+00:00","dateModified":"2026-01-12T09:27:04+00:00","inLanguage":"fr-FR","potentialAction":[{"@type":"ReadAction","target":["https:\/\/aikido-stnom.fr\/index.php\/evenements\/"]}]},{"@type":"ImageObject","inLanguage":"fr-FR","@id":"https:\/\/aikido-stnom.fr\/index.php\/evenements\/#primaryimage","url":"https:\/\/aikido-stnom.fr\/wp-content\/uploads\/2026\/01\/Pichereau-Coquin-9-nov2025-scaled.jpg","contentUrl":"https:\/\/aikido-stnom.fr\/wp-content\/uploads\/2026\/01\/Pichereau-Coquin-9-nov2025-scaled.jpg","width":2560,"height":1920},{"@type":"WebSite","@id":"https:\/\/aikido-stnom.fr\/#website","url":"https:\/\/aikido-stnom.fr\/","name":"Club d&#039;A\u00efkido de Saint Nom la Bret\u00eache","description":"A\u00efkido USSNB 78","potentialAction":[{"@type":"SearchAction","target":{"@type":"EntryPoint","urlTemplate":"https:\/\/aikido-stnom.fr\/?s={search_term_string}"},"query-input":{"@type":"PropertyValueSpecification","valueRequired":true,"valueName":"search_term_string"}}],"inLanguage":"fr-FR"}]}},"_links":{"self":[{"href":"https:\/\/aikido-stnom.fr\/index.php\/wp-json\/wp\/v2\/pages\/20381","targetHints":{"allow":["GET"]}}],"collection":[{"href":"https:\/\/aikido-stnom.fr\/index.php\/wp-json\/wp\/v2\/pages"}],"about":[{"href":"https:\/\/aikido-stnom.fr\/index.php\/wp-json\/wp\/v2\/types\/page"}],"author":[{"embeddable":true,"href":"https:\/\/aikido-stnom.fr\/index.php\/wp-json\/wp\/v2\/users\/2"}],"replies":[{"embeddable":true,"href":"https:\/\/aikido-stnom.fr\/index.php\/wp-json\/wp\/v2\/comments?post=20381"}],"version-history":[{"count":13,"href":"https:\/\/aikido-stnom.fr\/index.php\/wp-json\/wp\/v2\/pages\/20381\/revisions"}],"predecessor-version":[{"id":57574,"href":"https:\/\/aikido-stnom.fr\/index.php\/wp-json\/wp\/v2\/pages\/20381\/revisions\/57574"}],"wp:attachment":[{"href":"https:\/\/aikido-stnom.fr\/index.php\/wp-json\/wp\/v2\/media?parent=20381"}],"curies":[{"name":"wp","href":"https:\/\/api.w.org\/{rel}","templated":true}]}}